- -22 - -11).
23
-69 - (81 + -7 + -69)
-74
What is 60 + 0 + (-83 - -34 - -35)?
46
What is the value of 9 + (73 - 2 - (-136 - -130))?
86
What is (1 + -5 - -2 - (10 - 10)) + (44 - 46)?
-4
Calculate -18 - (86 - (-22 - -77)).
-49
Evaluate 1 - (10 + (-23 - -17)) - 60.
-63
What is (-142 - -4) + 174 + (2 - 104)?
-66
(4 - -5) + -2 + (31 - (-3 + -13))
54
Evaluate -187 - (-70 + 26 + -55).
-88
Calculate 88 + (17 - ((-7 - -1) + 19)).
92
What is the value of -460 - -404 - (2 + -5)?
-53
What is -1 + -1 + (1 - (20 + -50 - -20)) + -34?
-25
Evaluate 19 - (3 + -23 + 2 + 27).
10
Evaluate (27 - ((19 - 12) + 0)) + -6.
14
Evaluate 103 + -112 + (-5 - 72) - (-7 - (2 - 6)).
-83
What is -26 + (66 - 4) - 3?
33
Evaluate 28 + (24 + -33 + 3 - -99).
121
What is the value of (21 - -6) + 8 + -21 - 2?
12
Evaluate 13 - ((-5 - 3) + 13 - -3) - -5.
10
Evaluate 0 + -52 + 39 + -12 - -68.
43
Calculate -1 - 11 - (-6 + 6 - (21 - 4)).
5
Evaluate 40 + -17 + -68 - -94.
49
What is the value of -29 + 114 + (-19 - -1) - (2 + -6)?
71
Evaluate -113 + 63 + -40 - -27.
-63
What is (18 - (18 - (37 + 9))) + 18 + 1?
65
(14 - -1 - ((-66 - -73) + 25)) + 4
-13
What is 3 - (1 + (-37 - (12 - (-3 + 6))))?
48
53 - (-5 - -24 - 28) - -7
69
Evaluate -32 - (57 + 54 + -101).
-42
What is 42 + 2 + (57 + -114 - -55)?
42
What is the value of -12 + -3 + 4 + -26 + (4 - 3)?
-36
(-34 - 34) + 33 - -91
56
What is the value of (53 - 10) + -53 + 4 - ((-2 - -37) + 2)?
-43
-1 - (230 + -103 + -35)
-93
Evaluate -40 + 38 + 27 + -75.
-50
Calculate 2 + -104 - -69 - (-4 - -3 - -3).
-35
Evaluate -23 + (-111 - -221 - -10).
97
What is the value of -49 - -6 - (18 + 1 - 26 - (4 - 0))?
-32
What is 44 + (-44 + 43 - (-7 - -2 - -16))?
32
What is the value of -23 + (-18 + 18 - (18 - -3))?
-44
Calculate -6 + -3 - (25 - 5) - (1 + -5).
-25
Evaluate 3 - (17 + (14 - 17) - 25 - -101).
-87
Evaluate -23 - (-29 + 29) - 14 - 7.
-44
What is -8 + 0 + ((6 - -11 - 11) + 10 - -17)?
25
(-25 + -41 - -134) + -9
59
What is the value of -42 + -22 - (-4 + -29)?
-31
Evaluate -27 - (1 - (16 + 2 + 0)).
-10
What is (-23 - -140) + -141 - -13?
-11
What is the value of (-64 - -71) + -14 + (6 - 3) + 42?
38
5 + (5 + 11 - (2 - 6 - -6) - 105)
-86
Evaluate 212 + -285 - (-25 + (1 - 2)).
-47
What is 0 + -1 - (126 - 20) - (-7 + 24 + -12)?
-112
What is 6 + -65 + (53 - 20) + 0?
-26
-180 - (-48 - (14 - 20)) - -19
-119
Evaluate 10 - (26 - 4 - (10 - (-9 - (-6 + -4)))).
-3
What is the value of 7 - (4 + -2) - (3482 - 3520)?
43
Calculate -52 - (-10 - 29) - (-4 + -1) - 75 - 6.
-89
What is (16 - 14 - 28) + 14 - 31?
-43
Evaluate 2 - 23 - (1929 + -2047).
97
What is (-103 - 2) + (-93 - -224)?
26
What is 16 + (-42 - -65 - 30)?
9
20 + 4 - (443 - 488)
69
(167 - 40 - 27) + -41
59
(2 - -48 - (17 - -1)) + -5 + (8 - 1)
34
Evaluate (57 - 22 - 58) + -1 - (75 - -1).
-100
Evaluate -119 - (-126 + 7) - (1 + 25).
-26
-22 + (-34 - 31) - (5 - -24 - 13)
-103
Evaluate (1 + -3 + (-16 - -13) + 13 - 36) + -12.
-40
Evaluate -14 - -3 - (-66 + (72 - 28)).
11
What is 15 - (83 + -4 - 16)?
-48
Evaluate (2 - -87) + (23 - 0) + -20 + 8.
100
What is the value of (52 - 0) + (678 - 709)?
21
Calculate (72 - -3) + (15 - -3) + -26 + 17 + 6.
90
Evaluate -95 - -80 - -52 - -22.
59
Evaluate (16 - (18 - (-3 - (15 + -11)))) + 52.
43
Evaluate -162 - -146 - ((3 - -20) + 0).
-39
What is 5 + -27 + -3 + (59 - 0) + -82?
-48
Calculate (-4 - (-20 + 54 + 4)) + 8.
-34
What is -18 - -124 - 52 - (8 - 24)?
70
Evaluate 16 + -31 + 33 + 24.
42
Evaluate 11 + (-21 + (-31 - -48) - (-1 - -86)) - -3.
-75
What is the value of 67 + 2 - (-5001 + 5051)?
19
Calculate 1 - 22 - (748 + -717).
-52
-62 + 1 + (-47 - (-79 - -53)) + 3
-79
What is the value of (-23 - -33) + -100 + 49?
-41
Evaluate -19 + (75 - 139 - -78).
-5
What is 15 - (1 - ((12 - 21) + 45))?
50
Calculate (10 - (-1 - -15 - (19 - 12))) + (1 - 55).
-51
What is the value of 10 - ((77 - 9) + -22 - 1)?
-35
Evaluate -1 + 60 - (178 + -175 + (14 - 0) - 11).
53
Evaluate -1 + 20 + -26 + (1 - (-1 + (15 - -4))).
-24
Calculate (0 - 0) + (-4 - -6 - 1) + (-3072 - -3024).
-47
Evaluate ((-9 - ((-7 - 2) + -10)) + -2 - 95) + 0.
-87
0 - 15 - (395 - 421 - (-47 - -4))
-32
Evaluate -638 + 667 - (2 - -10).
17
Evaluate -16 + (2 + 11 - 10) + 20.
7
19 + -19 + (1 - -1) - (-80 + 11 + 19)
52
Calculate (-41 + 49 - -29) + -38.
-1
(2 - 64) + (0 - ((11 - 16) + 7))
-64
What is the value of 41 - ((-27 - -32) + 58)?
-22
What is 55 + -55 + (-1 - -61) + (1 - -1 - -4)?
66
What is 2 + -3 + -16 + (-7 - 2)?
-26
What is the value of 35 + -229 + 164 - (-83 - -1)?
52
(-120 - (-189 - -74)) + -2 + -28
-35
Evaluate (7 - 34) + -93 + (5 - -2).
-113
Evaluate (11 - 1) + (-24 - (-95 + (1 - (-4 + 23)))).
99
(-1539 - -1480) + 32 + (-3 - 0)
-30
Evaluate (27 + -34 + 13 - 7) + 32 + 1 + -2.
30
(-5 - (4 + -14)) + 93
98
Evaluate -1787 + 1800 - (45 - (-3 - -2) - -1).
-34
Evaluate -139 + 93 - (-53 + 9).
-2
What is 13 + -5 + -6 + 6 - 50?
-42
-35 - (-29 - (-14 - -9)) - (-71 + 1)
59
What is the value of -28 + (12 - (59 - 83))?
8
What is (99 - 8) + -94 - 52?
-55
What is 19 - (-20 + 22 + (-31 - -12))?
36
Evaluate (-163 - -145) + (0 - -48 - -3) + (0 - 12).
21
Calculate 102 - 96 - (-30 + -5 + (3 - (0 + 2))).
40
Evaluate 18 + -3 + ((-17 - -30) + -1 + -2 - 6).
19
Evaluate -16 + 11 - (-26 - (34 + -52)).
3
What is -144 - -85 - (-155 - -9)?
87
Evaluate 2 + -6 + (-55 + 146 - -30) - (0 + -9).
126
What is 5 - 162 - (-32 + (18 - -6)) - -17?
-132
What is (-14 - -2) + (-35 - (48 + -80))?
-15
Calculate 16 + 2 + 85 + -65 + -5.
33
What is the value of 31 - (-26 + -17 + (-22 - -48))?
48
Calculate -18 + -11 + 0 + -1 + 22 + -4.
-12
Evaluate -87 + (238 - (-82 + 134)).
99
Calculate (-2 - 6 - (-841 - -842)) + 1 + 42 + 1.
35
Evaluate (5 - 2) + 18 + 2 - (-149 - -246).
-74
What is the value of -16 + 135 + -30 + (4 - -6)?
99
Evaluate 21 + 8 + (-84 - (-17 + 28)).
-66
What is the value of (7 - 14) + (2 + -4 - 8 - (36 - 91))?
38
What is the value of -1 + -3 + -27 - ((27 - 2) + -25)?
-31
(4568 - 4569) + (86 - -1) + 21
107
What is 3162 - 3101 - (86 - -1)?
-26
Calculate -51 + (-19 - (-22 - 12)).
-36
What is the value of (54 - 19 - (107 - -9)) + (-2 + 2 - -2)?
-79
Evaluate 10 + 4 + -19 + -50 + (-4 + 4 - -4).
-51
10 + 0 - (178 - 160) - (-45 - -1)
36
-98 + (-1 - (26 + -1)) + 59
-65
What is (-136 - -167) + -132 + -20?
-121
What is 36 - (-20 + 39 + -13) - 34?
-4
Calculate -4 + -1 + (3 - 3) - (-708 - -713).
-10
(28 - -21) + -26 + 14 + -3 + 5 + 7
46
Evaluate 9 - (12 + (-93 - -13 - (0 + 3 + 10))).
90
Calculate (8 - 1) + -551 + 549 - -13.
18
What is (-26 - 0) + 352 + -334?
-8
Calculate (-7 - (7 + -19)) + 17 + -15 + -2.
5
What is the value of (25 - 37 - 10) + -12?
-34
Calculate 13 + -15 + 23 + 4 + -100.
-75
Calculate 35 + -83 - -46 - (1 - -31 - -3).
-37
What is the value of -10 - (1 + -3 - (-16 - (-29 + 16)))?
-11
What is (2 - 12) + 3 + -2 + (9 - 3) - -60?
57
What is the value of -4 + (-51 - 5) - (8 + (12 - (-16 + 40)))?
-56
What is (1 - 31) + 387 + -361 - -13?
9
11 + 11 + 7 + (-8 - 2) + -71
-52
-68 + (-1 - (-12 - -2 - (32 - (-15 + 47))))
-59
Calculate -13 - 1 - (-25 + -5 + 7 + -3).
12
Evaluate (1 - ((89 - (8 + -2)) + -10) - 2) + 8.
-66
Calculate -10 + (-13 - -10) + 31.
18
Calculate (95 - 89) + (0 - (6 + -3)) + -56.
-53
What is the value of -27 - 0 - (164 - 46 - 116)?
-29
Calculate 9 + -89 + 79 + (3 - (3 + -2) - 11).
-10
What is 7 + 1 + 4 + (-1 - -4) + -5 + 70?
80
Calculate (6 - -30) + 42 - (1 - -8).
69
Calculate 8 + 102 + -44 + (2 - 12) - -11.
67
What is the value of -113 + (28 - 30) + 4?
-111
(308 - 369) + (49 - -6)
-6
Evaluate (59 - 19) + ((1 - -8) + -4 - 3) + 2.
44
Evaluate 76 - (-13 + 211) - (2 - 14 - 1).
-109
(-1 - 0 - (9 - 0)) + -4143 + 4151
-2
What is the value of -4 + -200 + 79 + 121?
-4
Evaluate 4 + 14 + 1 + (-7 + (4 - -14) - 8).
22
What is 2 + (0 - -11 - (-86 + (3 - -23)))?
73
(-23 - 2 - -44) + (-16 - -101)
104
Evaluate -77 + 46 + -6 - (-5 + (24 - 4)).
-52
What is the value of 4 + -2 + -9 - (-9 - -42 - 23)?
-17
Calculate (51 - (-30 + 30)) + -60.
-9
Evaluate -40 + 44 + (-27 - (-3 + 3 + 16 + -24)).
-15
Evaluate (-75 - -120) + 20 + -3 + -10.
52
What is -147 + 65 + (13 - 0 - (0 + 7))?
-76
Calculate 2 - (43 + -16 + -16).
-9
What is the value of -22 - 25 - -138 - 97?
-6
25 + -11 + (-44 - -61) - 155
-124
What is the value of (0 - -2) + 8 + 58 + (19 - 59)?
28
What is the value of -2 + (-7 - -15) +